{"id":181,"date":"2018-03-29T16:18:41","date_gmt":"2018-03-29T16:18:41","guid":{"rendered":"http:\/\/sudbrau.de\/?page_id=181"},"modified":"2020-06-24T17:21:46","modified_gmt":"2020-06-24T15:21:46","slug":"selbstgebautes","status":"publish","type":"page","link":"http:\/\/sudbrau.de\/?page_id=181","title":{"rendered":"Selbstgebautes"},"content":{"rendered":"<p>Hier finden Sie ein paar Informationen \u00fcber die selbstgebauten Ger\u00e4te wie z.B.<\/p>\n<ul>\n<li><a href=\"http:\/\/sudbrau.de\/?page_id=184\">digitaler Spundapparat<\/a><\/li>\n<li><a href=\"http:\/\/sudbrau.de\/?page_id=221\">Flaschenf\u00fcller (Gegendruckabf\u00fcller)<\/a><\/li>\n<li>pneumatischer Flaschenverkorker<\/li>\n<li>Etikettiermaschine<\/li>\n<li>Hopfenstopfer<\/li>\n<\/ul>\n\n\n<p><\/p>\n","protected":false},"excerpt":{"rendered":"<p>Hier finden Sie ein paar Informationen \u00fcber die selbstgebauten Ger\u00e4te wie z.B. digitaler Spundapparat Flaschenf\u00fcller (Gegendruckabf\u00fcller) pneumatischer Flaschenverkorker Etikettiermaschine Hopfenstopfer<\/p>\n","protected":false},"author":1,"featured_media":0,"parent":0,"menu_order":0,"comment_status":"closed","ping_status":"closed","template":"","meta":{"ngg_post_thumbnail":0,"footnotes":""},"class_list":["post-181","page","type-page","status-publish","hentry"],"_links":{"self":[{"href":"http:\/\/sudbrau.de\/index.php?rest_route=\/wp\/v2\/pages\/181","targetHints":{"allow":["GET"]}}],"collection":[{"href":"http:\/\/sudbrau.de\/index.php?rest_route=\/wp\/v2\/pages"}],"about":[{"href":"http:\/\/sudbrau.de\/index.php?rest_route=\/wp\/v2\/types\/page"}],"author":[{"embeddable":true,"href":"http:\/\/sudbrau.de\/index.php?rest_route=\/wp\/v2\/users\/1"}],"replies":[{"embeddable":true,"href":"http:\/\/sudbrau.de\/index.php?rest_route=%2Fwp%2Fv2%2Fcomments&post=181"}],"version-history":[{"count":3,"href":"http:\/\/sudbrau.de\/index.php?rest_route=\/wp\/v2\/pages\/181\/revisions"}],"predecessor-version":[{"id":252,"href":"http:\/\/sudbrau.de\/index.php?rest_route=\/wp\/v2\/pages\/181\/revisions\/252"}],"wp:attachment":[{"href":"http:\/\/sudbrau.de\/index.php?rest_route=%2Fwp%2Fv2%2Fmedia&parent=181"}],"curies":[{"name":"wp","href":"https:\/\/api.w.org\/{rel}","templated":true}]}}